git of g?
5
Suppose 5*u = 59 + 146. Let a = -28 + u. What is the units digit of a?
3
Suppose -2*i - 5*d = i + 43, 5*d = -4*i - 49. Let n = 1 - i. What is the units digit of n?
7
Let f(r) be the first derivative of 2*r**3/3 - r + 1. What is the units digit of f(-2)?
7
Suppose 5*a - 3*w + 3 = 0, -2*w + 6*w = 3*a - 7. Let z(p) = -p + 2. Let h be z(a). Suppose -o + 36 = 3*r + 1, -5*r + h*o = -85. What is the tens digit of r?
1
Suppose 21*t - 22*t = -96. What is the tens digit of t?
9
Let u be 4/(-11 + 3)*-40. Suppose 0*d - 5*d + u = 0. What is the units digit of d?
4
Let z be (3 + -4)/((-2)/6). Suppose -4*u + 4 = -4*t, -z*u + 6*t = t - 7. What is the tens digit of 34/u*(-3)/6?
1
Let m be (-2)/(-3) + (-2)/3. Suppose m = l + 3*l + 16. Let c(d) = -2*d - 3. What is the units digit of c(l)?
5
What is the hundreds digit of -1*530/(-4)*(-20)/(-25)?
1
Let f = 29 - 25. What is the units digit of f?
4
Let i(m) = -4*m - 5. Let q(f) = -4*f - 5. Let s(b) = -b - 1. Let g(d) = -q(d) + 3*s(d). Let y(c) = 7*g(c) + 2*i(c). What is the units digit of y(3)?
1
Suppose 0 = -2*z + 5*q - 1, 5*q = -5*z - 5 + 20. Suppose 3*n = -3*d, -2*d - 5 = -z*n + d. What is the units digit of n?
1
Let l be -3 + (-5)/((-5)/3). Suppose 0*a + 3*a - 2*f - 25 = l, -2*a + 30 = -4*f. Suppose -n = a*q - 56, 0*q + 4*q - 52 = n. What is the units digit of q?
2
Let u = -6 - -6. Suppose -g + 8 = s + 4, u = s - 1. Suppose -4*r = -4*a - r - g, -35 = -5*a - 4*r. What is the units digit of a?
3
Let p = 33 - 2. What is the tens digit of p?
3
Let y = 26 - -6. What is the units digit of y?
2
Suppose 0 = -9*m + 1742 - 491. What is the units digit of m?
9
What is the units digit of (2/3)/(20/6630) + 0?
1
Suppose 8*d + 3*j = 3*d + 80, j + 5 = 0. Let t be 2 + -4 + (d - 1). Suppose -t = -2*o + 2. What is the units digit of o?
9
Suppose 0 = 2*v - 4, -4*c = -5*c + v. Suppose o + c*o - 15 = 0. Suppose -2*t = 5*h - 4, 4 + 1 = -5*h - o*t. What is the units digit of h?
2
Let k be 2/(2/(2 + 0)). Let u = 4 - 4. Suppose u*l - k = -l. What is the units digit of l?
2
Suppose -5*k + 5*t + 20 = 0, 4*k - 3*t = 14 + 6. Let z be (-2)/(-3) + k/(-12). Suppose 0 = -5*s + 10 - z. What is the units digit of s?
2
Let b be (52/(-6))/((-4)/6). Suppose -3*i = -4*o + b, -11 = i - 3*o - 0*o. What is the units digit of i?
1
Suppose -2*d = -45 - 27. What is the units digit of d?
6
Let i(d) = -d**3 - 10*d**2 + 11*d + 10. Let n be i(-11). Suppose -p = -4*z + n, 0 = -6*p + p - 5*z + 25. What is the units digit of p?
2
Let t = -5 + 7. Suppose 0*q = -q + t. What is the units digit of q?
2
What is the tens digit of -2*(183/(-9))/(12/18)?
6
Suppose 4*r - 243 = 3*r. What is the hundreds digit of r?
2
Let j = 41 + 63. What is the hundreds digit of j?
1
Let z be -5*(-2 + -1 - -4). What is the units digit of (-46)/(-5) - (-1)/z?
9
Let i(v) = v**2 + v - 1. Let s be i(2). Let t be (-10)/s - (2 + -44). Suppose w = -w + t. What is the tens digit of w?
2
Let g = -12 + 21. Let p(v) = v - 5. What is the units digit of p(g)?
4
Let n(i) = -i**3 - 4*i**2 + 2. What is the units digit of n(-4)?
2
Let p = 49 - 26. What is the tens digit of p?
2
Let z(v) = -17*v. Let a(i) = -16*i + 1. Let h(n) = -3*a(n) + 4*z(n). What is the tens digit of h(-3)?
5
Let v(o) = -2*o - 9. Let t be v(-6). Suppose -35 = -5*y + 5*x, t*x - 2 = y + 1. What is the units digit of y?
2
Suppose -x - 3*x = -8. What is the units digit of 1*(x + 0 + 4)?
6
Suppose -77 = -4*w - 5. Let i = w + -13. What is the units digit of i?
5
Let l = 63 + -55. What is the units digit of l?
8
Suppose -p = p + 5*j - 10, -3*j + 44 = 5*p. Let i(q) = -q**3 + 9*q**2 + 13*q - 9. What is the units digit of i(p)?
1
Let t be -3 + (-1)/(1/(-2)). Let x(n) = -n**3 - n. Let y(b) = -5*b**3 - 6*b**2 - 2*b + 1. Let i(l) = t*y(l) + 4*x(l). What is the units digit of i(-6)?
1
Let s(c) = c - 1. Let t be 4/6 - 8/(-6). What is the units digit of s(t)?
1
What is the units digit of (-6 + 1)*((-145)/5 - 0)?
5
Suppose 0 = 2*a - 150 + 54. What is the tens digit of a?
4
Let s be 2/(-8)*-18*2. What is the units digit of (-3)/s*-3*8?
8
Let a(w) = 3 - 1 - 1. Let d(m) = 2*m - 4. Let n(z) = -10*a(z) - d(z). What is the units digit of n(-6)?
6
Suppose 0 = x + 3*x - 152. Let k = x - 11. What is the tens digit of k?
2
What is the units digit of 5/45 - (4 + 5020/(-18))?
5
Let r = 4 - -11. What is the tens digit of r?
1
Suppose 0*t - 203 = -7*t. Suppose t = -7*k + 435. What is the tens digit of k?
5
Let x(l) = -l**2 + l - 10. Let c be x(0). Let i be 2/(24/c - -2). Let n = i - -7. What is the units digit of n?
2
Let n(r) = 3*r**3 - 7*r**2 + 8*r + 2. What is the units digit of n(4)?
4
Let x be -2 - (1 + 5 + -3). Let a(k) = -k**2 - 12*k - 7. What is the tens digit of a(x)?
2
Let n = -15 + 51. What is the units digit of n?
6
Let v(j) be the first derivative of j**3/3 - j**2/2 - j - 1. Let u be v(3). Suppose t - u*t + 2*p + 40 = 0, 3*t = 2*p + 28. What is the tens digit of t?
1
Let o(k) = -k**3 - 6*k**2 + 5*k - 2. Let y be o(-7). Let q be 10/4*y/15. Suppose 0 = -l, 4*l = -q*a + a + 14. What is the units digit of a?
4
Suppose 10 = -a - 4*a. What is the units digit of (a + -1)/((-9)/6)?
2
Let o be (1 - 3) + (-3 - 0). Let z = o + 34. What is the units digit of z?
9
Suppose 0*n = 3*n + 54. Let v be 4/(-18) - (-86)/n. Let m = v - -13. What is the units digit of m?
8
Let b = 3 + -6. Suppose -4*j = 3*l - 8*l + 13, -j = 3*l - 1. What is the units digit of (l/b)/(2/(-42))?
7
Let n = 71 - 14. Suppose -3*w + 6*w = -2*i + n, -4*i - 2*w + 118 = 0. What is the tens digit of i?
3
Let n be 210/(-66) - (-2)/11. Let m = 7 - n. What is the tens digit of m?
1
Suppose -6*v = -4*v - 362. What is the tens digit of v?
8
Let m = 2 - 2. Suppose m = -2*o - 3*o + 30. What is the units digit of o?
6
Suppose 0 = -11*l + 34*l - 2530. What is the units digit of l?
0
Let h(m) = 5*m. Suppose 5*l = -3*w + 6, -3*w + 17 = -w - l. Let g be h(w). Let z = g - 25. What is the tens digit of z?
1
Let m = 263 + -173. What is the units digit of m?
0
Let p = 8 - 6. Let d be ((-14)/p)/((-1)/5). Suppose d = 3*k + 2*k. What is the units digit of k?
7
Let o = -4 - -3. What is the units digit of -1 + 4 - (o + -7)?
1
Let j(g) = 5*g**2 + 1. Let k be j(-1). Suppose 163 = -2*z + k*z - l, -4*z + 169 = -3*l. What is the tens digit of z?
4
Suppose 0*m - 4 = -4*m + 4*r, 0 = -4*m - 3*r + 11. Suppose 6 = c + 2, j - c = m. What is the units digit of j?
6
Suppose x + 5*q + 12 = 0, -x + 3*x - 2*q - 12 = 0. Suppose -30 = -5*z - 0*b + 4*b, 2*z - x*b - 12 = 0. Let o = -4 + z. What is the units digit of o?
2
Let x(b) = b**3 + 4 + 10*b**2 - 3*b**2 + 0*b**2. Let n be x(-7). Let q(o) = o**3 - 3*o**2 - 3*o + 2. What is the units digit of q(n)?
6
Suppose 0 = -2*v + 6*v - 20. What is the units digit of v - 0 - (-1 - 1)?
7
Suppose 131 + 115 = 6*t. What is the units digit of t?
1
Let o(g) = -g**2 + 14*g + 14. What is the units digit of o(11)?
7
Suppose -5*x + 3*x + 30 = 0. What is the tens digit of x?
1
Let b(n) = -n - 5. Let j = 20 - 29. Let x be b(j). Suppose 0 = -5*g + 2*g + 12, -y + x*g = 5. What is the units digit of y?
1
Let p = 49 + -11. Let i = p + -8. What is the tens digit of i?
3
Suppose 0 = f + f + 2. Let y = 7 + f. What is the units digit of y?
6
Suppose 12*w - 260 = 7*w. What is the units digit of w?
2
Let p = -36 + 79. What is the units digit of p?
3
Suppose 0 = -3*z + 8*z - 335. What is the tens digit of z?
6
Let l be -5*(48/15)/4. What is the units digit of 2 + 1 + l/2?
1
Let l be 70/8 - 3/(-12). Suppose 5*y + 1 + l = 0. Let x = 3 + y. What is the units digit of x?
1
Suppose 4*t - 31 = -d, 0 = d - t - 13 - 23. Let y = d - 16. What is the tens digit of y?
1
Suppose 8 = 5*v - v. Suppose 2 = v*q - 2. Let y = q + 5. What is the units digit of y?
7
Let k = -121 - -193. What is the units digit of k?
2
Suppose 0 = 2*l + 4*f - 36, 2*f + 41 = 2*l + f. What is the tens digit of l?
2
Let x(l) be the third derivative of -l**5/60 + 5*l**4/24 - l**3/3 - l**2. What is the units digit of x(4)?
2
Let h(n) = 4*n**2 + 10*n + 15. Let y(x) = x**2 + 3*x + 5. Let m(l) = -2*h(l) + 7*y(l). What is the units digit of m(0)?
5
Let z(u) = u**3 + 5*u**2 - 7*u - 6. Let r be z(-6). Suppose -3*n + 0*n - 30 = r. Let a = n + 17. What is the units digit of a?
7
Suppose 36 = -4*x + 7*x. What is the tens digit of x?
1
Suppose -19*r + 25 = -14